
Suppose -66*z = -70*z + 168. What is the greatest common factor of z and 6?
6
Suppose 0 = -3*i - 2*l + 420, -4*l = -3*i + 8*i - 700. Calculate the greatest common factor of 15 and i.
5
Suppose -3*q = -12, 3*x + q - 13 = 2*x. Let a be (-3 + x)*(-2)/4. Let c = a + 14. Calculate the highest common divisor of 1 and c.
1
Let d(x) = -30*x - 15. Let w be d(-9). Calculate the highest common divisor of w and 15.
15
Let h be 13 + (2*1)/(32/(-64)). Calculate the greatest common divisor of 594 and h.
9
Let p be (132/7)/((-129)/(-2408)). What is the highest common divisor of 32 and p?
32
Suppose -557 = -3*p - 5*q, 4*p - 11*q = -15*q + 740. Calculate the highest common divisor of p and 16.
8
Let i(o) = -2*o + 6. Let z be i(0). Calculate the greatest common factor of 186 and z.
6
Suppose 19 = 5*n + 4*b - 6, -4*n - b = -31. Suppose 0 = -10*p + n*p + 24. What is the greatest common divisor of p and 8?
8
Let a = 3 - 7. Let j(g) = -g**2 - 3*g + 4. Let w be j(a). Suppose z + w*z - 17 = i, 0 = 4*z + i - 73. Calculate the greatest common divisor of z and 3.
3
Suppose -c + 2 = 4*c + 3*k, -4*c = 5*k - 12. Let h be 5 + -3 - 0 - c. Suppose -3*i - i = -20, -4*z + h*i = -420. What is the highest common factor of 11 and z?
11
Let q(p) = -2 + 574*p**3 - 2*p**2 - 573*p**3 + 2 + 2. Let g be q(0). What is the highest common factor of 14 and g?
2
Suppose -3*q + 4*c = -c - 590, 0 = 3*q + 3*c - 582. Suppose 0 = -4*g + q + 69. What is the greatest common factor of 22 and g?
22
Suppose -217 = 8*d - 353. Calculate the highest common divisor of d and 1.
1
Let k(p) = -2*p**3 + 4*p**2 + p - 4. Let h = 78 + -80. Let f be k(h). What is the highest common factor of f and 39?
13
Let o(u) = 876*u - 15. Let d be o(-10). Let i be ((-8)/(-10))/((-18)/d). Let z be -1 + (i + 3)/3. Calculate the greatest common divisor of 13 and z.
13
Let d(k) = -k**2 - 2*k + 48. Let z be d(-5). What is the highest common factor of 121 and z?
11
Suppose 0 = -5*p + 216 + 459. Suppose 5*d = 8*d - p. What is the greatest common divisor of 5 and d?
5
Let y be 10 + 20/(-110)*-11. What is the highest common factor of y and 4764?
12
Suppose -5*o = -v + 213, 0*v = 2*v - 4*o - 408. What is the greatest common divisor of v and 288?
18
Let o be (-1683)/(-22)*2*1. Let u(s) = s**2 + 10*s + 41. Let k be u(-6). What is the highest common factor of k and o?
17
Let a be (-26 - -30)/((-4)/(-34)). What is the greatest common divisor of a and 578?
34
Let f be ((-4)/(-8))/(((-45)/(-102))/15). What is the highest common factor of f and 1?
1
Suppose -14*x + 9*x = 0. Suppose 92*y - 88*y - 96 = x. What is the greatest common divisor of y and 3?
3
Let b(w) = -w**2 - 14*w - 4. Let c be b(-12). What is the highest common factor of c and 140?
20
Suppose -8*s + 8 = -4*s. Suppose s*y + u - 20 = 0, -u - 29 = -3*y - 3*u. Suppose -y*f - 40 = -13*f. Calculate the highest common divisor of f and 10.
10
Let i = -10 + 106. Suppose 3*z - i = 219. Calculate the highest common divisor of z and 15.
15
Suppose 16 = 4*y, x + 222 = -2*y + 255. Calculate the highest common factor of 20 and x.
5
Suppose 57 - 15 = 3*q. Let x = 162 - 148. Calculate the highest common factor of q and x.
14
Let w be (-165)/(-6)*112/10. Let v be 0/(0 - 4) - -2. Suppose 5*m = -5*b + 160, b - v*b + 144 = 5*m. What is the highest common divisor of m and w?
28
Suppose -203*y + 192*y + 99 = 0. What is the greatest common divisor of 3 and y?
3
Let m = -28 + 37. Let q be (m/30*-4)/(4/(-20)). What is the greatest common factor of 30 and q?
6
Let z(o) = 17*o**2 - 6*o + 10. Let r(v) = -69*v**2 + 23*v - 41. Let y(a) = 2*r(a) + 9*z(a). Let d be y(4). Calculate the greatest common divisor of 24 and d.
24
Suppose -18*n + 26*n - 272 = 0. Calculate the highest common factor of n and 153.
17
Let f be 5 + 4 + 6/(-1). Calculate the greatest common factor of f and 45.
3
Let k(p) = -3*p**2 + 167*p - 86. Let q be k(55). Suppose -3*t - 2*t = -360. What is the greatest common factor of t and q?
24
Suppose d - 38*d + 1110 = 0. Let y(l) = l - l**3 + 7*l**2 - 6*l + 0*l. Let g be y(6). Calculate the highest common factor of g and d.
6
Let f(y) = 12*y**3 + y + 1. Let m be f(2). Let i be (-2)/11 - 180/m. Let x = i + 35. What is the greatest common divisor of 22 and x?
11
Suppose -8*d + 2145 = 3*d. What is the greatest common factor of 117 and d?
39
Suppose -2*k - 2*g = -3*g - 348, -3*k = g - 527. Calculate the highest common factor of 125 and k.
25
Let c = 31 + -22. Let s be 4 - (0 - (-2 - -3)). Let k(g) = g**3 - 2*g**2 - 4*g + 8. Let a be k(s). Calculate the greatest common divisor of a and c.
9
Let c be 12/3*(6 - 1). Let s = 65 + -19. Suppose 5*n - 5*p - 290 = 0, 2*n - 3*p + s = 160. What is the highest common divisor of n and c?
20
Let b(l) = 6*l**2 - 5*l + 11. Let p be b(2). Calculate the highest common divisor of p and 400.
25
Suppose -3*o = -2*o - 286. Suppose 0*w - o = -2*w. Suppose u = -5*h + 2 - 4, 5*u - 56 = -3*h. What is the highest common divisor of u and w?
13
Let x = 290 - 266. Suppose 0 = 2*y - 5*y + r + 110, 2*r - 140 = -4*y. Calculate the greatest common factor of x and y.
12
Suppose 3*h + 81 = 2*a, 4*a - h - 167 = -0*h. Calculate the greatest common factor of 28 and a.
14
Suppose -666 = 9*i - 1017. What is the greatest common divisor of 78 and i?
39
Let z be -4*((-11)/(-4))/((-5)/10). Let k = z + -10. Calculate the greatest common factor of k and 6.
6
Suppose 1199 = 7*g + 4*g. Let k = g + -102. What is the highest common factor of k and 21?
7
Let x(u) = u**3 - u + 8. Let p be x(0). Let a be 3 - 5/((-25)/45). What is the greatest common factor of p and a?
4
Suppose -4*w + 22 = a, 0*a + w - 11 = -3*a. Let c = 22 - 20. Calculate the highest common divisor of c and a.
2
Let w(i) = 2*i - 5. Let y be w(3). Let z = y + 11. Let o = -12 - -18. What is the highest common factor of z and o?
6
Let m be 6/(-9) + (-14)/(-3). Let r(c) = -12*c + c**3 + 29*c - 2*c**2 + 6 - 22*c. Let f be r(m). What is the highest common factor of 144 and f?
18
Suppose -231*a + 200*a + 1860 = 0. What is the greatest common divisor of a and 500?
20
Suppose -2*u - 1 = -9. Suppose 60 = u*t - i, 13*t - 45 = 10*t + 3*i. What is the greatest common factor of t and 210?
15
Let q(d) = 2*d - 43*d + 3 - 2 - 3. Let j be q(-2). Let m = -19 - -35. Calculate the highest common factor of j and m.
16
Let o(k) = -k**2 + 3*k**2 + k + 4*k - 4 + 0*k**2. Let t be o(3). What is the greatest common divisor of t and 319?
29
Suppose 5*d = 2*n + 113, 3*n + d = n - 107. Let b = n + 64. Let j(k) = -6*k + 1. Let h be j(-4). Calculate the greatest common factor of h and b.
5
Let q be -1 + 1325/(3 - 2). Suppose 17*g + 2467 = 6258. Suppose -4*r = -4*d - q, g + 102 = r + 5*d. What is the greatest common factor of 30 and r?
30
Suppose 157 = 3*m + 39*c - 37*c, 0 = 2*m - 4*c - 110. Calculate the highest common factor of m and 106.
53
Let g = 11 - 17. Let i = g - -9. Suppose -35 = -4*q + i*q. Calculate the highest common divisor of q and 5.
5
Let z = -37 - -72. Suppose 3*w = z + 43. Calculate the greatest common factor of w and 65.
13
Let a = 322 + -105. What is the highest common divisor of a and 93?
31
Let d = 72 + -42. Let k = 26 + -22. Let g be 0/(k - 2) + 10. Calculate the highest common factor of g and d.
10
Suppose -2*f - 2*f + 8 = 0. Let u be f/3 - (-5)/(60/832). Calculate the greatest common divisor of 14 and u.
14
Let b be (((-63)/(-12))/(-7))/((-1)/8). Let t be (96/18)/(b/27). What is the highest common divisor of 60 and t?
12
Let v be (312 - 0)/(9/6). Let y be ((-9)/6)/(-5 - (-2827)/572). What is the highest common factor of v and y?
26
Suppose m + 56 = 2*m. Let t = -31236 + 31243. What is the highest common factor of t and m?
7
Let g = -872 + 1421. What is the greatest common divisor of 61 and g?
61
Let a = 23 - 8. Let h = a - 9. Let x(q) = -q**3 + 6*q**2 + 2*q - 7. Let l be x(h). What is the greatest common factor of l and 15?
5
Let y = -1063 + 1303. What is the greatest common factor of y and 108?
12
Suppose 0 = -4*w + 3*w + 2. Let s = 31 + w. What is the highest common factor of s and 11?
11
Suppose 2*m - 20 = -3*n, -4 = 13*n - 14*n + 2*m. What is the greatest common factor of 744 and n?
6
Let k be 3/9*0 + -4. Let i be k/(-12) - (-100)/6. Suppose 3*s + i + 33 = 5*a, 0 = -3*s. Calculate the highest common factor of a and 30.
10
Let s = -154 